c*y + 24. List the prime factors of y.
2, 3
Let i(u) = -u - 38. Let k be i(9). Let j = k - -126. What are the prime factors of j?
79
Suppose 3*g + 4*l - 4713 = 1659, l - 4253 = -2*g. List the prime factors of g.
2, 7, 19
Suppose -34 = 3*r + 107. Let d(n) = n**3 + 24*n**2 - 25*n + 1. Let q be d(-25). What are the prime factors of 6 + -5 - (r + q)?
47
Let t = 84 - 74. Let b(g) = -g**3 + 11*g**2 + 3*g - 25. What are the prime factors of b(t)?
3, 5, 7
Let a(f) be the third derivative of -f**6/120 + 3*f**5/20 - f**4/6 - f**3/2 - f**2. Let h be a(7). Suppose -3*o = -h - 2. What are the prime factors of o?
23
Suppose 0 = -4*i - p - 22, 0 = -p - 3*p + 8. Let k be (-3)/9 + 4/i. What are the prime factors of ((-2 - -2) + -25)/k?
5
Let v(f) = f**3 + 3*f**2 - 7. Let h be v(-3). Let q(y) = -19*y - 9. Let m be q(h). List the prime factors of (m/(-8))/(1/(-2)).
31
Let n be (9/5)/(18/(-90)). Let z be (-50)/15 - (-6)/n. What are the prime factors of (-5 - z)/((-1)/17)?
17
Suppose 4*a + 2 = -i, -a + 4 = 5. List the prime factors of i/6 - 17/(-3).
2, 3
Let n(t) = -8*t + 14. Let b be n(-5). Let h = b + -114. What are the prime factors of (-2)/5 + (-924)/h?
3, 5
Suppose 4*h = 4*l - 3*l - 684, -3*l + 4*h + 2044 = 0. Let u = -357 + l. List the prime factors of u.
17, 19
Let t = -56 - -61. Suppose -4*s + 2*x = -436, -3*s + t*x + 487 = 153. List the prime factors of s.
2, 3
What are the prime factors of (-5)/(20/(-996)) + 7?
2
Let g(k) = k**3 - 3*k**2 + k + 8. Let p be g(6). Suppose 0 = 5*c - 3*m - 490 - 156, 3*m + p = c. What are the prime factors of c?
131
Suppose 0 = 65*n - 66*n - 13. Let r = 61 - n. List the prime factors of r.
2, 37
Let x(h) = 59*h + 75. What are the prime factors of x(9)?
2, 3, 101
Let c be (-1)/(-2) - 1/(-2). Let t be (-2 + c)*(1 - 4). Suppose 0 = t*m + m - 196. List the prime factors of m.
7
Let s = 19 + 98. Let y = s - 111. What are the prime factors of y?
2, 3
Let b(z) = z**2 - 5*z - 4. Let s be b(6). Suppose 0 = 4*c + f + 57, -3*c + s*f = -5*c - 30. List the prime factors of (-14 - c) + 20*1.
2, 5
Suppose 0 = h - 5*h - 5*z + 494, 3*z = -6. Suppose -u - 2*u = -h. Suppose -u*n + 172 = -38*n. What are the prime factors of n?
43
Let z = 194 - -9. What are the prime factors of z?
7, 29
Suppose 0 = 5*n - u - u + 12, -3*n - 4*u = 28. Let k = n - -23. List the prime factors of k.
19
Let j(s) = 2*s**3 - 24*s**2 - s - 47. List the prime factors of j(13).
2, 139
Let a = -423 - -822. List the prime factors of a.
3, 7, 19
Suppose -9841 = -20*t - 1. What are the prime factors of t?
2, 3, 41
Let r(b) = -179*b - 80. List the prime factors of r(-15).
5, 521
What are the prime factors of (-2 - 33/(-6))/(5/2090)?
7, 11, 19
Suppose 0 = 4*j - 3 - 17. Let b(h) = 5*h**2 - 2*h + 34. What are the prime factors of b(j)?
149
Let x(d) = -d**3 + 4*d**2 + d. Let u be x(4). Suppose 3*o = u*o - 4. Suppose 0 = -0*t + 5*t + o*r - 74, 5*r = 2*t - 56. What are the prime factors of t?
2, 3
Let g(a) = a**3 + 2*a**2 + 12*a - 6. What are the prime factors of g(6)?
2, 3, 59
Let p be (-4 - -3) + -15 - 0. Suppose -11 = v - 30. Let c = v + p. List the prime factors of c.
3
What are the prime factors of (-62821)/(-66) - (-3)/18?
2, 7, 17
Suppose -19*t + 6219 = 2*g - 14*t, -5*g = 4*t - 15505. What are the prime factors of g?
19, 163
Suppose 5*w - 125 + 25 = 0. Suppose -3*c + 8*c = w. Suppose 69 = c*j + 3*s - 4*s, -2*s + 6 = j. List the prime factors of j.
2
Suppose 34*c - 32*c = 10. Let x be (-114)/(-4)*(c + 3). Suppose w = -2*w + x. What are the prime factors of w?
2, 19
Suppose r - 13 = -3*v, -4*r + 5*v + 10 = -42. Let j(z) = 11*z - 57. List the prime factors of j(r).
2, 43
Let o be 3 - (0/(-3) - -6) - -731. Suppose -2*w = 2*w - o. What are the prime factors of w?
2, 7, 13
Suppose -4*t - 6 = -3*z, t + 17 - 7 = 5*z. Suppose 5*u + t*u - 20 = 0. Suppose 2*k + k = 3*f + 69, 0 = -u*k - f + 82. What are the prime factors of k?
3, 7
Let l = 20 - 15. Suppose l*t = 3*t + 4. What are the prime factors of (12/(-24))/(t/(-200))?
2, 5
Suppose -2*j - n = -13, 9*n = -4*j + 4*n + 29. Let b(c) = -c**3 + 8*c**2 + 6*c - 1. What are the prime factors of b(j)?
107
Suppose -5*j - 55 = -3*d, 4*d - 50 = -0*d - 5*j. Suppose -4*m = -m - 6. Suppose d = m*a - a. List the prime factors of a.
3, 5
Let p(u) = u**2 - 14*u + 11. Suppose 4*t + 4*x - 58 = 6*x, -4*t = -4*x - 56. List the prime factors of p(t).
2, 13
Suppose -46*o + 82256 + 52386 = 0. List the prime factors of o.
2927
Let k = -338 + 323. Let n = -11 + 5. List the prime factors of (-50)/n - (-5)/k.
2
Let h(a) = 16*a**2 - 4*a + 1. Let x be (2/(-6))/((-12)/144). Let f be h(x). Suppose -j + 103 = -2*b + 4*b, 3*j = 5*b - f. What are the prime factors of b?
2, 5
Let v(k) = k**2 - 3*k + 6. Suppose 4*y + 0*z - 4 = 3*z, 3*y = 3*z. Suppose 0*m + 4*s = 2*m + 6, -y*s = -3*m + 1. What are the prime factors of v(m)?
2, 17
Suppose -22*r = -6*r - 336. What are the prime factors of ((-68)/6)/(1 - 23/r)?
7, 17
Let t(g) = -15*g - 2. Let v(c) = 12*c - c + 1 + 3*c. Let n(f) = 6*t(f) + 7*v(f). What are the prime factors of n(10)?
3, 5
Suppose 18 = 30*x - 21582. List the prime factors of x.
2, 3, 5
Let z = 3 - 9. Let l be z - (-6)/(-2) - 2. Let c = l + 15. List the prime factors of c.
2
Let h(p) = 12*p - 19. Let u = 66 - 62. List the prime factors of h(u).
29
Let m = -230 + 1190. List the prime factors of m.
2, 3, 5
Let y(z) be the second derivative of z**6/72 - z**5/60 - 5*z**4/12 + 8*z. Let j(g) be the third derivative of y(g). List the prime factors of j(3).
2, 7
Let n(v) = v**3 + v**2 + 5*v + 817. List the prime factors of n(0).
19, 43
Let g = 9 + -6. Let q(x) = -x**3 + 2*x**2 + 3*x + 4. Let n be q(g). Suppose 5*o = z - 53, 6*z - 160 = z + n*o. What are the prime factors of z?
2, 7
Let u(b) = -33*b + 675. What are the prime factors of u(-57)?
2, 3, 71
Let k be 2*2 + 2 + -7. Let h be -4 - 36/(-3) - k. Suppose h*y = 7*y + 114. What are the prime factors of y?
3, 19
Let q(w) = -385*w**3 - 2*w**2 - 6*w - 5. What are the prime factors of q(-1)?
2, 3
List the prime factors of (-26182)/(-34) + 9/(-153).
2, 5, 7, 11
Suppose -83*s + 51864 = -75*s. What are the prime factors of s?
3, 2161
Let j(l) = -9*l + 2. Let n be j(-2). Let i be (615/n)/(9/24). Suppose -4*p + 36 = -3*p + a, 2*p + 4*a - i = 0. List the prime factors of p.
31
Suppose 10*f - 14*f = -1740. Suppose z - 5*g - 140 = 0, 5*z + 2*g - 157 = f. What are the prime factors of z?
2, 3, 5
Let h be (2/(-10) - 18/10) + 0. Let v(a) = 26*a**2 - 2*a - 6. List the prime factors of v(h).
2, 3, 17
Suppose -2*q - 8 + 0 = 0, 22 = 5*t - 3*q. Suppose 11 = r - 3*y, t*r + 3*y = 4*y + 7. Suppose 0 = -r*z + 6*z - 240. List the prime factors of z.
2, 3, 5
Let y(x) = 5*x**2 - 1. Let g be y(1). Let z(p) = -p**3 + 5*p**2 - 3*p + 2. Let k be z(g). List the prime factors of k/18 + 232/6.
3, 13
Let a = 820 + 259. List the prime factors of a.
13, 83
Suppose 2*u + 67 = -393. Let z be (56/(-35))/(2/(-5)). List the prime factors of (-10)/z*u/25.
23
Let d(k) = 9*k - 10. Let h(v) = -v**3 + 7*v**2 + 8*v + 8. Let q be h(8). What are the prime factors of d(q)?
2, 31
List the prime factors of 6 + ((-10)/(-2) - -160).
3, 19
Let d = -47 - -118. Suppose 0 = -5*u, 0 = -q - 2*u - 3*u - d. Let w = q + 114. List the prime factors of w.
43
Let f = 593 - -2104. List the prime factors of f.
3, 29, 31
Let m = -21 - -26. Let z = m + 7. List the prime factors of z.
2, 3
Suppose -71*p + 69*p + 164 = -4*o, -455 = -5*p + o. List the prime factors of p.
2, 23
Let v(n) be the second derivative of 0 + 8*n + 27*n**2 - 1/6*n**3. What are the prime factors of v(0)?
2, 3
Let z(q) = 4*q**2 + 2*q - 4. Let j = 5 - 0. Let r be z(j). Suppose 0 = 6*x - 4*x + 4*m - r, 5*x - 2*m = 241. List the prime factors of x.
7
Let c be 8*-3*(-2)/3. Let n = c - 13. Suppose -3*f + 2 = l, 4*l - n*l = -f + 8. List the prime factors of l.
11
Suppose 9*j = 103 + 131. Let o = j - 22. What are the prime factors of o?
2
Suppose 4*x + 2*l = 18, -2*l + 3*l - 14 = -3*x. Suppose 3*k - 4*g + 106 = x*k, 5*g = 2*k - 106. List the prime factors of k.
53
Suppose 3*l + g - 551 + 87 = 0, 4*g - 470 = -3*l. Let a = l + -11. List the prime factors of a.
11, 13
Let r(u) = u**3 + 16*u**2 + 34*u + 16. List the prime factors of r(-9).
277
Let h(m) be the first derivative of 24*m**2 - m + 18. What are the prime factors of